{"id":13,"date":"2017-07-25T09:27:59","date_gmt":"2017-07-25T09:27:59","guid":{"rendered":"http:\/\/demo2.steelthemes.com\/cargohub\/?page_id=13"},"modified":"2024-02-12T19:15:04","modified_gmt":"2024-02-12T19:15:04","slug":"home-page-2","status":"publish","type":"page","link":"https:\/\/nessel.pt\/","title":{"rendered":"Home Page 2"},"content":{"rendered":"<section class=\"wpb-content-wrapper\"><p>[vc_row full_width=&#8221;stretch_row_content_no_spaces&#8221;][vc_column]\n\t\t\t<!-- START Slider 3 REVOLUTION SLIDER 6.6.13 --><p class=\"rs-p-wp-fix\"><\/p>\n\t\t\t<rs-module-wrap id=\"rev_slider_4_1_wrapper\" data-source=\"gallery\" style=\"visibility:hidden;background:transparent;padding:0;margin:0px auto;margin-top:0;margin-bottom:0;\">\n\t\t\t\t<rs-module id=\"rev_slider_4_1\" style=\"\" data-version=\"6.6.13\">\n\t\t\t\t\t<rs-slides style=\"overflow: hidden; position: absolute;\">\n\t\t\t\t\t\t<rs-slide style=\"position: absolute;\" data-key=\"rs-10\" data-title=\"Slide\" data-thumb=\"\/\/nessel.pt\/wp-content\/uploads\/revslider\/slide1-3-100x50.jpg\" data-in=\"o:0;\" data-out=\"a:false;\">\n\t\t\t\t\t\t\t<img decoding=\"async\" src=\"\/\/nessel.pt\/wp-content\/plugins\/revslider\/public\/assets\/assets\/dummy.png\" alt=\"\" title=\"Home Page 2\" class=\"rev-slidebg tp-rs-img rs-lazyload\" data-lazyload=\"\/\/nessel.pt\/wp-content\/uploads\/revslider\/slide1-3.jpg\" data-parallax=\"14\" data-no-retina>\n<!--\n\t\t\t\t\t\t\t--><rs-layer\n\t\t\t\t\t\t\t\tid=\"slider-4-slide-10-layer-1\" \n\t\t\t\t\t\t\t\tclass=\"ch_title\"\n\t\t\t\t\t\t\t\tdata-type=\"text\"\n\t\t\t\t\t\t\t\tdata-rsp_ch=\"on\"\n\t\t\t\t\t\t\t\tdata-xy=\"yo:210px,210px,290px,180px;\"\n\t\t\t\t\t\t\t\tdata-text=\"s:60,60,60,36;l:60,60,60,36;fw:700;a:inherit;\"\n\t\t\t\t\t\t\t\tdata-frame_1=\"st:200;sp:500;sR:200;\"\n\t\t\t\t\t\t\t\tdata-frame_999=\"o:0;st:w;sp:500;sR:8300;\"\n\t\t\t\t\t\t\t\tstyle=\"z-index:5;font-family:'Montserrat';\"\n\t\t\t\t\t\t\t>SERVI\u00c7OS\n \n\t\t\t\t\t\t\t<\/rs-layer><!--\n\n\t\t\t\t\t\t\t--><rs-layer\n\t\t\t\t\t\t\t\tid=\"slider-4-slide-10-layer-2\" \n\t\t\t\t\t\t\t\tclass=\"ch_title\"\n\t\t\t\t\t\t\t\tdata-type=\"text\"\n\t\t\t\t\t\t\t\tdata-rsp_ch=\"on\"\n\t\t\t\t\t\t\t\tdata-xy=\"yo:290px,290px,370px,220px;\"\n\t\t\t\t\t\t\t\tdata-text=\"s:60,60,60,36;l:60,60,60,36;fw:700;a:inherit;\"\n\t\t\t\t\t\t\t\tdata-frame_1=\"st:200;sp:500;sR:200;\"\n\t\t\t\t\t\t\t\tdata-frame_999=\"o:0;st:w;sp:500;sR:8300;\"\n\t\t\t\t\t\t\t\tstyle=\"z-index:6;font-family:'Montserrat';\"\n\t\t\t\t\t\t\t>ADUANEIROS \n\t\t\t\t\t\t\t<\/rs-layer><!--\n\n\t\t\t\t\t\t\t--><rs-layer\n\t\t\t\t\t\t\t\tid=\"slider-4-slide-10-layer-3\" \n\t\t\t\t\t\t\t\tclass=\"ch_content\"\n\t\t\t\t\t\t\t\tdata-type=\"text\"\n\t\t\t\t\t\t\t\tdata-rsp_ch=\"on\"\n\t\t\t\t\t\t\t\tdata-xy=\"yo:375px,375px,455px,295px;\"\n\t\t\t\t\t\t\t\tdata-text=\"s:24,24,24,18;l:24,24,24,18;fw:300;a:inherit;\"\n\t\t\t\t\t\t\t\tdata-frame_1=\"st:600;sp:700;sR:600;\"\n\t\t\t\t\t\t\t\tdata-frame_999=\"o:0;st:w;sp:700;sR:7700;\"\n\t\t\t\t\t\t\t\tstyle=\"z-index:7;font-family:'Open Sans';\"\n\t\t\t\t\t\t\t>Equipa dedicada \u00e0 sua disposi\u00e7\u00e3o \n\t\t\t\t\t\t\t<\/rs-layer><!--\n\n\t\t\t\t\t\t\t--><rs-layer\n\t\t\t\t\t\t\t\tid=\"slider-4-slide-10-layer-4\" \n\t\t\t\t\t\t\t\tclass=\"ch_content\"\n\t\t\t\t\t\t\t\tdata-type=\"text\"\n\t\t\t\t\t\t\t\tdata-rsp_ch=\"on\"\n\t\t\t\t\t\t\t\tdata-xy=\"yo:415px,415px,495px,325px;\"\n\t\t\t\t\t\t\t\tdata-text=\"s:24,24,24,18;l:24,24,24,18;fw:300;a:inherit;\"\n\t\t\t\t\t\t\t\tdata-frame_1=\"st:600;sp:700;sR:600;\"\n\t\t\t\t\t\t\t\tdata-frame_999=\"o:0;st:w;sp:700;sR:7700;\"\n\t\t\t\t\t\t\t\tstyle=\"z-index:8;font-family:'Open Sans';\"\n\t\t\t\t\t\t\t>tratamos das suas opera\u00e7\u00f5es de exporta\u00e7\u00e3o. \n\t\t\t\t\t\t\t<\/rs-layer><!--\n-->\t\t\t\t\t\t<\/rs-slide>\n\t\t\t\t\t\t<rs-slide style=\"position: absolute;\" data-key=\"rs-11\" data-title=\"Slide\" data-thumb=\"\/\/nessel.pt\/wp-content\/uploads\/revslider\/slide2-31-100x50.jpg\" data-in=\"o:0;\" data-out=\"a:false;\">\n\t\t\t\t\t\t\t<img decoding=\"async\" src=\"\/\/nessel.pt\/wp-content\/plugins\/revslider\/public\/assets\/assets\/dummy.png\" alt=\"\" title=\"Home Page 2\" class=\"rev-slidebg tp-rs-img rs-lazyload\" data-lazyload=\"\/\/nessel.pt\/wp-content\/uploads\/revslider\/slide2-31.jpg\" data-parallax=\"14\" data-no-retina>\n<!--\n\t\t\t\t\t\t\t--><rs-layer\n\t\t\t\t\t\t\t\tid=\"slider-4-slide-11-layer-0\" \n\t\t\t\t\t\t\t\tclass=\"ch_content\"\n\t\t\t\t\t\t\t\tdata-type=\"text\"\n\t\t\t\t\t\t\t\tdata-rsp_ch=\"on\"\n\t\t\t\t\t\t\t\tdata-xy=\"xo:375px,40px,40px,40px;yo:367px,375px,445px,295px;\"\n\t\t\t\t\t\t\t\tdata-text=\"s:24,24,24,18;l:24,24,24,18;fw:300;a:inherit;\"\n\t\t\t\t\t\t\t\tdata-frame_1=\"st:600;sp:700;sR:600;\"\n\t\t\t\t\t\t\t\tdata-frame_999=\"o:0;st:w;sp:700;sR:7700;\"\n\t\t\t\t\t\t\t\tstyle=\"z-index:7;font-family:'Open Sans';\"\n\t\t\t\t\t\t\t> \n\t\t\t\t\t\t\t<\/rs-layer><!--\n\n\t\t\t\t\t\t\t--><rs-layer\n\t\t\t\t\t\t\t\tid=\"slider-4-slide-11-layer-1\" \n\t\t\t\t\t\t\t\tclass=\"ch_title\"\n\t\t\t\t\t\t\t\tdata-type=\"text\"\n\t\t\t\t\t\t\t\tdata-rsp_ch=\"on\"\n\t\t\t\t\t\t\t\tdata-xy=\"x:c;yo:210px,210px,280px,170px;\"\n\t\t\t\t\t\t\t\tdata-text=\"s:60,60,48,36;l:60,60,48,36;fw:700;a:inherit;\"\n\t\t\t\t\t\t\t\tdata-frame_1=\"st:200;sp:500;sR:200;\"\n\t\t\t\t\t\t\t\tdata-frame_999=\"o:0;st:w;sp:500;sR:8300;\"\n\t\t\t\t\t\t\t\tstyle=\"z-index:5;font-family:'Montserrat';\"\n\t\t\t\t\t\t\t>FRANQUIAS \n\t\t\t\t\t\t\t<\/rs-layer><!--\n\n\t\t\t\t\t\t\t--><rs-layer\n\t\t\t\t\t\t\t\tid=\"slider-4-slide-11-layer-2\" \n\t\t\t\t\t\t\t\tclass=\"ch_title\"\n\t\t\t\t\t\t\t\tdata-type=\"text\"\n\t\t\t\t\t\t\t\tdata-rsp_ch=\"on\"\n\t\t\t\t\t\t\t\tdata-xy=\"x:c;yo:290px,290px,360px,210px;\"\n\t\t\t\t\t\t\t\tdata-text=\"s:60,60,48,36;l:60,60,48,36;fw:700;a:inherit;\"\n\t\t\t\t\t\t\t\tdata-frame_1=\"st:200;sp:500;sR:200;\"\n\t\t\t\t\t\t\t\tdata-frame_999=\"o:0;st:w;sp:500;sR:8300;\"\n\t\t\t\t\t\t\t\tstyle=\"z-index:6;font-family:'Montserrat';\"\n\t\t\t\t\t\t\t>ADUANEIRAS \n\t\t\t\t\t\t\t<\/rs-layer><!--\n\n\t\t\t\t\t\t\t--><rs-layer\n\t\t\t\t\t\t\t\tid=\"slider-4-slide-11-layer-6\" \n\t\t\t\t\t\t\t\tclass=\"ch_content\"\n\t\t\t\t\t\t\t\tdata-type=\"text\"\n\t\t\t\t\t\t\t\tdata-rsp_ch=\"on\"\n\t\t\t\t\t\t\t\tdata-xy=\"xo:376px,40px,40px,40px;yo:410px,375px,445px,295px;\"\n\t\t\t\t\t\t\t\tdata-text=\"s:24,24,24,18;l:24,24,24,18;fw:300;a:inherit;\"\n\t\t\t\t\t\t\t\tdata-frame_1=\"st:600;sp:700;sR:600;\"\n\t\t\t\t\t\t\t\tdata-frame_999=\"o:0;st:w;sp:700;sR:7700;\"\n\t\t\t\t\t\t\t\tstyle=\"z-index:7;font-family:'Open Sans';\"\n\t\t\t\t\t\t\t>Dedicated employees, working in 06 regional clusters \n\t\t\t\t\t\t\t<\/rs-layer><!--\n-->\t\t\t\t\t\t<\/rs-slide>\n\t\t\t\t\t\t<rs-slide style=\"position: absolute;\" data-key=\"rs-12\" data-title=\"Slide\" data-thumb=\"\/\/nessel.pt\/wp-content\/uploads\/2020\/01\/slide2-3-100x50.jpg\" data-in=\"o:0;\" data-out=\"a:false;\">\n\t\t\t\t\t\t\t<img decoding=\"async\" src=\"\/\/nessel.pt\/wp-content\/plugins\/revslider\/public\/assets\/assets\/dummy.png\" alt=\"\" title=\"slide2-3\" width=\"1920\" height=\"790\" class=\"rev-slidebg tp-rs-img rs-lazyload\" data-lazyload=\"\/\/nessel.pt\/wp-content\/uploads\/2020\/01\/slide2-3.jpg\" data-parallax=\"14\" data-no-retina>\n<!--\n\t\t\t\t\t\t\t--><rs-layer\n\t\t\t\t\t\t\t\tid=\"slider-4-slide-12-layer-1\" \n\t\t\t\t\t\t\t\tclass=\"ch_title\"\n\t\t\t\t\t\t\t\tdata-type=\"text\"\n\t\t\t\t\t\t\t\tdata-rsp_ch=\"on\"\n\t\t\t\t\t\t\t\tdata-xy=\"xo:500px,40px,40px,40px;yo:210px,210px,280px,180px;\"\n\t\t\t\t\t\t\t\tdata-text=\"s:60,60,60,36;l:60,60,60,36;fw:700;a:inherit;\"\n\t\t\t\t\t\t\t\tdata-frame_1=\"st:200;sp:500;sR:200;\"\n\t\t\t\t\t\t\t\tdata-frame_999=\"o:0;st:w;sp:500;sR:8300;\"\n\t\t\t\t\t\t\t\tstyle=\"z-index:5;font-family:'Montserrat';\"\n\t\t\t\t\t\t\t>LEGALIZA\u00c7\u00c3O \n\t\t\t\t\t\t\t<\/rs-layer><!--\n\n\t\t\t\t\t\t\t--><rs-layer\n\t\t\t\t\t\t\t\tid=\"slider-4-slide-12-layer-2\" \n\t\t\t\t\t\t\t\tclass=\"ch_title\"\n\t\t\t\t\t\t\t\tdata-type=\"text\"\n\t\t\t\t\t\t\t\tdata-rsp_ch=\"on\"\n\t\t\t\t\t\t\t\tdata-xy=\"xo:500px,40px,40px,40px;yo:290px,290px,360px,220px;\"\n\t\t\t\t\t\t\t\tdata-text=\"s:60,60,60,36;l:60,60,60,36;fw:700;a:inherit;\"\n\t\t\t\t\t\t\t\tdata-frame_1=\"st:200;sp:500;sR:200;\"\n\t\t\t\t\t\t\t\tdata-frame_999=\"o:0;st:w;sp:500;sR:8300;\"\n\t\t\t\t\t\t\t\tstyle=\"z-index:6;font-family:'Montserrat';\"\n\t\t\t\t\t\t\t>AUTOM\u00d3VEL \n\t\t\t\t\t\t\t<\/rs-layer><!--\n\n\t\t\t\t\t\t\t--><rs-layer\n\t\t\t\t\t\t\t\tid=\"slider-4-slide-12-layer-3\" \n\t\t\t\t\t\t\t\tclass=\"ch_content\"\n\t\t\t\t\t\t\t\tdata-type=\"text\"\n\t\t\t\t\t\t\t\tdata-rsp_ch=\"on\"\n\t\t\t\t\t\t\t\tdata-xy=\"xo:500px,40px,40px,40px;yo:375px,375px,445px,295px;\"\n\t\t\t\t\t\t\t\tdata-text=\"s:24,24,24,18;l:24,24,24,18;fw:300;a:inherit;\"\n\t\t\t\t\t\t\t\tdata-frame_1=\"st:600;sp:700;sR:600;\"\n\t\t\t\t\t\t\t\tdata-frame_999=\"o:0;st:w;sp:700;sR:7700;\"\n\t\t\t\t\t\t\t\tstyle=\"z-index:7;font-family:'Open Sans';\"\n\t\t\t\t\t\t\t> \n\t\t\t\t\t\t\t<\/rs-layer><!--\n\n\t\t\t\t\t\t\t--><rs-layer\n\t\t\t\t\t\t\t\tid=\"slider-4-slide-12-layer-4\" \n\t\t\t\t\t\t\t\tclass=\"ch_content\"\n\t\t\t\t\t\t\t\tdata-type=\"text\"\n\t\t\t\t\t\t\t\tdata-rsp_ch=\"on\"\n\t\t\t\t\t\t\t\tdata-xy=\"xo:500px,40px,40px,40px;yo:415px,415px,485px,325px;\"\n\t\t\t\t\t\t\t\tdata-text=\"s:24,24,24,18;l:24,24,24,18;fw:300;a:inherit;\"\n\t\t\t\t\t\t\t\tdata-frame_1=\"st:600;sp:700;sR:600;\"\n\t\t\t\t\t\t\t\tdata-frame_999=\"o:0;st:w;sp:700;sR:7700;\"\n\t\t\t\t\t\t\t\tstyle=\"z-index:8;font-family:'Open Sans';\"\n\t\t\t\t\t\t\t> \n\t\t\t\t\t\t\t<\/rs-layer><!--\n-->\t\t\t\t\t\t<\/rs-slide>\n\t\t\t\t\t<\/rs-slides>\n\t\t\t\t<\/rs-module>\n\t\t\t\t<script>\n\t\t\t\t\tsetREVStartSize({c: 'rev_slider_4_1',rl:[1240,1024,778,480],el:[740,768,960,720],gw:[1170,1024,778,480],gh:[740,768,960,720],type:'standard',justify:'',layout:'fullwidth',mh:\"0\"});if (window.RS_MODULES!==undefined && window.RS_MODULES.modules!==undefined && window.RS_MODULES.modules[\"revslider41\"]!==undefined) {window.RS_MODULES.modules[\"revslider41\"].once = false;window.revapi4 = undefined;if (window.RS_MODULES.checkMinimal!==undefined) window.RS_MODULES.checkMinimal()}\n\t\t\t\t<\/script>\n\t\t\t<\/rs-module-wrap>\n\t\t\t<!-- END REVOLUTION SLIDER -->\n[\/vc_column][\/vc_row][vc_row css=&#8221;.vc_custom_1580355341819{margin-bottom: 97px !important;background-image: url(http:\/\/demo2.steelthemes.com\/cargohub\/wp-content\/uploads\/sites\/7\/2020\/01\/welcomebg.jpg?id=2235) !important;}&#8221;][vc_column][vc_row_inner css=&#8221;.vc_custom_1503300568761{margin-top: -133px !important;}&#8221; el_class=&#8221;icon-box-hp2&#8243;][vc_column_inner css=&#8221;.vc_custom_1503374402998{padding-right: 0px !important;}&#8221; offset=&#8221;vc_col-lg-4 vc_col-md-4&#8243;]<div class=\"fh-icon-box icon-type-theme_icon style-1 version-light show-button icon-left  no-border\" style=\"background-image: url(https:\/\/nessel.pt\/wp-content\/uploads\/2020\/01\/bannerbelow1.jpg)\"><span class=\"fh-icon\"><i class=\"flaticon-transport-3\"><\/i><\/span><h4 class=\"box-title\"><a href=\"https:\/\/nessel.pt\/?service=door-to-door-delivery\" title=\"Saber mais\">Servi\u00e7os Aduaneiros<\/a><\/h4><div class=\"desc\"><p>Despachos de Importa\u00e7\u00e3o e\u00a0 Exporta\u00e7\u00e3o de Mercadorias<\/p>\n<\/div><a href=\"https:\/\/nessel.pt\/?service=door-to-door-delivery\" title=\"Saber mais\" class=\"button-box fh-btn-2\">Saber mais<\/a><\/div>[\/vc_column_inner][vc_column_inner css=&#8221;.vc_custom_1503374410270{padding-right: 0px !important;padding-left: 0px !important;}&#8221; offset=&#8221;vc_col-lg-4 vc_col-md-4&#8243;]<div class=\"fh-icon-box icon-type-theme_icon style-1 version-light show-button icon-left  no-border\" style=\"background-image: url(https:\/\/nessel.pt\/wp-content\/uploads\/2020\/01\/bannerbelow2.jpg)\"><span class=\"fh-icon\"><i class=\"flaticon-transport-4\"><\/i><\/span><h4 class=\"box-title\"><a href=\"https:\/\/nessel.pt\/?service=door-to-door-delivery\" title=\"Saber mais\">Franquias Aduaneiras<\/a><\/h4><div class=\"desc\"><p>Transfer\u00eancias de Resid\u00eancia (Bagagens &#8211; Bens Pessoais)<\/p>\n<\/div><a href=\"https:\/\/nessel.pt\/?service=door-to-door-delivery\" title=\"Saber mais\" class=\"button-box fh-btn-2\">Saber mais<\/a><\/div>[\/vc_column_inner][vc_column_inner css=&#8221;.vc_custom_1503374417030{padding-left: 0px !important;}&#8221; offset=&#8221;vc_col-lg-4 vc_col-md-4&#8243;]<div class=\"fh-icon-box icon-type-theme_icon style-1 version-light show-button icon-left  no-border\" style=\"background-image: url(https:\/\/nessel.pt\/wp-content\/uploads\/2020\/01\/bannerbelow3.jpg)\"><span class=\"fh-icon\"><i class=\"flaticon-transport-5\"><\/i><\/span><h4 class=\"box-title\"><a href=\"https:\/\/nessel.pt\/?service=road-freight-forwarding\" title=\"Saber Mais\">Legaliza\u00e7\u00e3o Autom\u00f3vel<\/a><\/h4><div class=\"desc\"><p>Legaliza\u00e7\u00e3o de ve\u00edculos provenientes da Uni\u00e3o Europeia e de Pa\u00edses Terceiros.<\/p>\n<\/div><a href=\"https:\/\/nessel.pt\/?service=road-freight-forwarding\" title=\"Saber Mais\" class=\"button-box fh-btn-2\">Saber Mais<\/a><\/div>[\/vc_column_inner][\/vc_row_inner][vc_empty_space height=&#8221;37px&#8221;][vc_column_text]<\/p>\n<div class=\"intro-hp2\" style=\"width: 60%; margin: 0 auto; text-align: center;\">\n<h4 style=\"font-size: 30px; margin: 0; color: #fff; font-weight: 400;\">A Nessel \u00e9 uma empresa no mercado desde 1994 a prestar servi\u00e7os aduaneiros.<\/h4>\n<\/div>\n<p>[\/vc_column_text][vc_empty_space height=&#8221;97px&#8221;][\/vc_column][\/vc_row][vc_row css=&#8221;.vc_custom_1500883654749{margin-bottom: 45px !important;}&#8221;][vc_column css=&#8221;.vc_custom_1503301727098{padding-bottom: 30px !important;}&#8221; offset=&#8221;vc_col-lg-6 vc_col-md-6&#8243;][vc_empty_space height=&#8221;13px&#8221;][vc_single_image image=&#8221;2397&#8243; img_size=&#8221;full&#8221;][\/vc_column][vc_column css=&#8221;.vc_custom_1503301733858{padding-bottom: 30px !important;}&#8221; offset=&#8221;vc_col-lg-6 vc_col-md-6&#8243;]<div class=\"fh-section-title clearfix  text-left version-dark\"><h2 style=\"font-size: 30px\">Sobre a Nessel<\/h2><\/div>[vc_empty_space height=&#8221;35px&#8221;][vc_column_text]<\/p>\n<div style=\"font-weight: 300;\">Prestamos servi\u00e7os aduaneiros que facilitam e otimizam as suas transac\u00e7\u00f5es no mercado internacional. No mercado desde 1994, dispomos de um escrit\u00f3rio em Matosinhos e prestamos servi\u00e7os em todo o territ\u00f3rio nacional. Com uma equipa especializada, temos a melhor solu\u00e7\u00e3o para as suas opera\u00e7\u00f5es no com\u00e9rcio internacional.<\/div>\n<p>[\/vc_column_text][vc_empty_space height=&#8221;30px&#8221;][vc_column_text]<\/p>\n<div style=\"font-weight: 300;\">Pretendemos ser um parceiro de refer\u00eancia para os nossos clientes, prestando servi\u00e7os com Rigor e Excel\u00eancia<\/div>\n<p>[\/vc_column_text][vc_empty_space height=&#8221;15px&#8221;][\/vc_column][\/vc_row][vc_row][vc_column][vc_separator color=&#8221;custom&#8221; accent_color=&#8221;#f4f4f4&#8243;][\/vc_column][\/vc_row][vc_row css=&#8221;.vc_custom_1500885949897{padding-top: 75px !important;padding-bottom: 80px !important;}&#8221;][vc_column offset=&#8221;vc_col-lg-6 vc_col-md-6&#8243;][vc_single_image image=&#8221;2374&#8243; img_size=&#8221;full&#8221;][\/vc_column][vc_column offset=&#8221;vc_col-lg-6 vc_col-md-6&#8243;]<div class=\"fh-section-title clearfix  text-left version-dark\"><h2 style=\"font-size: 30px\">Despachantes Aduaneiros<\/h2><\/div>[vc_empty_space height=&#8221;35px&#8221;][vc_column_text]Valorizamos a experi\u00eancia no desempenho da actividade aduaneira, prestando informa\u00e7\u00f5es em tempo real, tendo em conta a globaliza\u00e7\u00e3o existente no com\u00e9rcio internacional.[\/vc_column_text][vc_empty_space height=&#8221;30px&#8221;][vc_column_text]Reconhecemos o valor das pessoas e por isso temos uma equipa altamente comprometida com a nossa empresa e com os nossos clientes, fazendo de n\u00f3s um player relevante no sector aduaneiro portugu\u00eas.[\/vc_column_text][vc_empty_space height=&#8221;45px&#8221;][\/vc_column][\/vc_row][vc_row full_width=&#8221;stretch_row&#8221; enable_parallax=&#8221;yes&#8221; css=&#8221;.vc_custom_1580786688432{background: #0c1239 url(http:\/\/demo2.steelthemes.com\/cargohub\/wp-content\/uploads\/sites\/7\/2020\/02\/bg-box-2.jpg?id=2287) !important;}&#8221; el_class=&#8221;icon-box-2-hp2&#8243;][vc_column css=&#8221;.vc_custom_1503300963841{border-right-width: 1px !important;padding-right: 60px !important;padding-bottom: 60px !important;padding-left: 60px !important;border-right-color: rgba(255,255,255,0.15) !important;border-right-style: solid !important;}&#8221; offset=&#8221;vc_col-lg-4 vc_col-md-6&#8243;][vc_empty_space height=&#8221;85px&#8221;]<div class=\"fh-icon-box icon-type-theme_icon style-3 version-dark hide-button icon-left  \" style=\"background-image: url()\"><span class=\"fh-icon\"><i class=\"flaticon-internet\"><\/i><\/span><h4 class=\"box-title\"><span >Experi\u00eancia Internacional<\/span><\/h4><div class=\"desc\"><p>Prestamos servi\u00e7os aduaneiros que facilitam e otimizam as suas transa\u00e7\u00f5es no mercado internacional.<\/p>\n<\/div><\/div>[\/vc_column][vc_column css=&#8221;.vc_custom_1503300973257{border-right-width: 1px !important;padding-right: 60px !important;padding-bottom: 60px !important;padding-left: 60px !important;border-right-color: rgba(255,255,255,0.15) !important;border-right-style: solid !important;}&#8221; offset=&#8221;vc_col-lg-4 vc_col-md-6&#8243;][vc_empty_space height=&#8221;85px&#8221;]<div class=\"fh-icon-box icon-type-theme_icon style-3 version-dark hide-button icon-left  \" style=\"background-image: url()\"><span class=\"fh-icon\"><i class=\"flaticon-shield\"><\/i><\/span><h4 class=\"box-title\"><span >Legaliza\u00e7\u00e3o Autom\u00f3vel<\/span><\/h4><div class=\"desc\"><p>Efetuamos a legaliza\u00e7\u00e3o da sua viatura com rapidez.<\/p>\n<\/div><\/div>[\/vc_column][vc_column css=&#8221;.vc_custom_1503301497226{padding-right: 60px !important;padding-bottom: 60px !important;padding-left: 60px !important;}&#8221; offset=&#8221;vc_col-lg-4 vc_col-md-12&#8243; el_class=&#8221;text-center&#8221;][vc_empty_space height=&#8221;85px&#8221;]<div class=\"fh-icon-box icon-type-theme_icon style-3 version-dark hide-button icon-left  \" style=\"background-image: url()\"><span class=\"fh-icon\"><i class=\"flaticon-technology\"><\/i><\/span><h4 class=\"box-title\"><span >Franquias Aduaneiras<\/span><\/h4><div class=\"desc\"><p>Tratamos de desembara\u00e7o aduaneiro de bagagens com bens pessoais.<\/p>\n<\/div><\/div>[\/vc_column][\/vc_row][vc_row full_width=&#8221;stretch_row_content_no_spaces&#8221; disable_element=&#8221;yes&#8221;][vc_column]Unable to contact Google API service.[\/vc_column][\/vc_row][vc_row full_width=&#8221;stretch_row_content_no_spaces&#8221;][vc_column][vc_gmaps link=&#8221;#E-8_JTNDaWZyYW1lJTIwc3JjJTNEJTIyaHR0cHMlM0ElMkYlMkZ3d3cuZ29vZ2xlLmNvbSUyRm1hcHMlMkZlbWJlZCUzRnBiJTNEJTIxMW0xOCUyMTFtMTIlMjExbTMlMjExZDEyMDA0LjU1OTMxNTc3MTg1MiUyMTJkLTguNzA1Mjk2Mzg0ODU0NjElMjEzZDQxLjIxODcyMzIwNjQzOTQ3JTIxMm0zJTIxMWYwJTIxMmYwJTIxM2YwJTIxM20yJTIxMWkxMDI0JTIxMmk3NjglMjE0ZjEzLjElMjEzbTMlMjExbTIlMjExczB4ZDI0NjhlZDUxMDRjMDFkJTI1M0EweDYwMmRjNjgyMjk4MzgwNjMlMjEyc05FU1NFTCUyNTIwJTI1N0MlMjUyMEFnZW50ZXMlMjUyMEFkdWFuZWlyb3MlMjE1ZTAlMjEzbTIlMjExc2VuJTIxMnNwdCUyMTR2MTY4NjYwNDQyMDIxNSUyMTVtMiUyMTFzZW4lMjEyc3B0JTIyJTIwd2lkdGglM0QlMjI2MDAlMjIlMjBoZWlnaHQlM0QlMjI0NTAlMjIlMjBzdHlsZSUzRCUyMmJvcmRlciUzQTAlM0IlMjIlMjBhbGxvd2Z1bGxzY3JlZW4lM0QlMjIlMjIlMjBsb2FkaW5nJTNEJTIybGF6eSUyMiUyMHJlZmVycmVycG9saWN5JTNEJTIybm8tcmVmZXJyZXItd2hlbi1kb3duZ3JhZGUlMjIlM0UlM0MlMkZpZnJhbWUlM0U=&#8221;][\/vc_column][\/vc_row]<\/p>\n<\/section>","protected":false},"excerpt":{"rendered":"<p>[vc_row full_width=&#8221;stretch_row_content_no_spaces&#8221;][vc_column][\/vc_column][\/vc_row][vc_row css=&#8221;.vc_custom_1580355341819{margin-bottom: 97px !important;background-image: url(http:\/\/demo2.steelthemes.com\/cargohub\/wp-content\/uploads\/sites\/7\/2020\/01\/welcomebg.jpg?id=2235) !important;}&#8221;][vc_column][vc_row_inner css=&#8221;.vc_custom_1503300568761{margin-top: -133px !important;}&#8221; el_class=&#8221;icon-box-hp2&#8243;][vc_column_inner css=&#8221;.vc_custom_1503374402998{padding-right: 0px !important;}&#8221; offset=&#8221;vc_col-lg-4 vc_col-md-4&#8243;][\/vc_column_inner][vc_column_inner css=&#8221;.vc_custom_1503374410270{padding-right: 0px !important;padding-left: 0px&hellip;<\/p>\n","protected":false},"author":1,"featured_media":0,"parent":0,"menu_order":0,"comment_status":"closed","ping_status":"closed","template":"template-homepage.php","meta":{"footnotes":""},"class_list":["post-13","page","type-page","status-publish","hentry","no-thumb"],"_links":{"self":[{"href":"https:\/\/nessel.pt\/index.php?rest_route=\/wp\/v2\/pages\/13","targetHints":{"allow":["GET"]}}],"collection":[{"href":"https:\/\/nessel.pt\/index.php?rest_route=\/wp\/v2\/pages"}],"about":[{"href":"https:\/\/nessel.pt\/index.php?rest_route=\/wp\/v2\/types\/page"}],"author":[{"embeddable":true,"href":"https:\/\/nessel.pt\/index.php?rest_route=\/wp\/v2\/users\/1"}],"replies":[{"embeddable":true,"href":"https:\/\/nessel.pt\/index.php?rest_route=%2Fwp%2Fv2%2Fcomments&post=13"}],"version-history":[{"count":20,"href":"https:\/\/nessel.pt\/index.php?rest_route=\/wp\/v2\/pages\/13\/revisions"}],"predecessor-version":[{"id":2453,"href":"https:\/\/nessel.pt\/index.php?rest_route=\/wp\/v2\/pages\/13\/revisions\/2453"}],"wp:attachment":[{"href":"https:\/\/nessel.pt\/index.php?rest_route=%2Fwp%2Fv2%2Fmedia&parent=13"}],"curies":[{"name":"wp","href":"https:\/\/api.w.org\/{rel}","templated":true}]}}